 is -59cc + -1467?
-7166
In base 14, what is 4 - 1d48c720?
-1d48c71a
In base 13, what is cbcab + 93?
cc071
In base 4, what is -13 + 230133030?
230133011
In base 5, what is -4 - 1000314420?
-1000314424
In base 5, what is -20314 + 10012?
-10302
In base 6, what is 3223 - -41003312?
41010535
In base 10, what is -11359150 + -5?
-11359155
In base 8, what is -105 + 140002?
137675
In base 8, what is -22633342 + 50?
-22633272
In base 14, what is -23b17481 - 5?
-23b17486
In base 15, what is -12de112 - -2?
-12de110
In base 11, what is 11 + -17564346?
-17564335
In base 13, what is -10c148 + 114?
-10c034
In base 2, what is -110 + 110100000111101111111010?
110100000111101111110100
In base 13, what is -5237 + -870?
-5aa7
In base 13, what is -4cbc + 1177?
-3b45
In base 4, what is -202233331 + -10231?
-202310222
In base 16, what is -d5ea29e - 0?
-d5ea29e
In base 11, what is -599292 - 5?
-599297
In base 3, what is 200122021 - -111102?
201010200
In base 8, what is 43072 + -1662?
41210
In base 2, what is 100101101110101 - -10101101?
100110000100010
In base 6, what is -3 - -410311144?
410311141
In base 12, what is -24 - -6ab9a7?
6ab983
In base 13, what is 2b4a612 + -2?
2b4a610
In base 10, what is 27208519 + 2?
27208521
In base 16, what is eb43 - -e?
eb51
In base 7, what is -56024 - 2134?
-61161
In base 5, what is -34432403 - 1?
-34432404
In base 11, what is -4 - 6a93248?
-6a93251
In base 9, what is -64846701 + -4?
-64846705
In base 11, what is 1207 + 1114a4?
112700
In base 15, what is 3636a40 + -1?
3636a3e
In base 15, what is -1392 + 14d?
-1244
In base 3, what is -220112022210212220 - 11?
-220112022210220001
In base 4, what is 20012023323 + 2?
20012023331
In base 15, what is 4 + -accd326?
-accd322
In base 16, what is -111b + -48482?
-4959d
In base 3, what is -20202000101112122 + -12?
-20202000101112211
In base 10, what is -36 + 5152349?
5152313
In base 9, what is -554 - -811345?
810681
In base 8, what is 427 - 1226175?
-1225546
In base 12, what is 9 + -66b488?
-66b47b
In base 5, what is 2 - -123223033411?
123223033413
In base 8, what is 1 + 725141505?
725141506
In base 7, what is -1614052 + 600?
-1613152
In base 5, what is -13303124342 + 30?
-13303124312
In base 7, what is 326 + -1056120?
-1055461
In base 8, what is -62 - -165177?
165115
In base 7, what is -33344 - -113?
-33231
In base 6, what is 13132152131 - -1?
13132152132
In base 9, what is 374781726 + 3?
374781730
In base 6, what is -2 + -100142243?
-100142245
In base 8, what is 0 + -51171771?
-51171771
In base 10, what is -221 + 4925?
4704
In base 12, what is 1003 + -132b?
-328
In base 8, what is -3353 + -106000?
-111353
In base 6, what is -10400 + 103153?
52353
In base 2, what is -1011010110100 + 110111111011?
-100010111001
In base 4, what is -10133122321 - 122?
-10133123103
In base 5, what is -2043401 - 2000?
-2100401
In base 10, what is 554 - 483343?
-482789
In base 13, what is 4290 - 2c2?
3c9b
In base 12, what is 1 - 16b2751?
-16b2750
In base 13, what is -1a5 - 506c?
-5244
In base 6, what is -522432100 + 4?
-522432052
In base 7, what is -33 - -101464444?
101464411
In base 4, what is 13 - -11111131012?
11111131031
In base 9, what is -4 - -586582610?
586582605
In base 11, what is -143597 + 8?
-14358a
In base 5, what is 34133001 + -340?
34132111
In base 15, what is 107d1 + -1708?
e0c8
In base 2, what is -100 + 111111110010011011011100?
111111110010011011011000
In base 2, what is 1101101101001110 + -1010000010?
1101100011001100
In base 13, what is -172c70b - 3?
-172c711
In base 13, what is -2077 + -483?
-252a
In base 16, what is 5 - -196b31?
196b36
In base 5, what is 142101434 + -1013?
142100421
In base 7, what is -1512156 + -36?
-1512225
In base 2, what is -1011001000 + 11011101100000100?
11011100000111100
In base 5, what is 2 - 1141432414?
-1141432412
In base 3, what is -1102000110221 + -12?
-1102000111010
In base 8, what is 37255 + 16420?
55675
In base 5, what is 4 + -344122003423?
-344122003414
In base 16, what is -3da5 - -38d?
-3a18
In base 5, what is -330220102 + 114?
-330214433
In base 2, what is 11111110011 + 110111111?
100110110010
In base 12, what is -6aa2b1 - -5?
-6aa2a8
In base 9, what is -747 + -2262?
-3120
In base 13, what is 2 - -1477938?
147793a
In base 14, what is 4022d5 - -7?
4022dc
In base 4, what is 12 + -12233110012?
-12233110000
In base 7, what is -11562 - -16340?
4445
In base 2, what is -1 + -100110010110111100100110001?
-100110010110111100100110010
In base 14, what is bad - -15dd?
23ac
In base 7, what is -13663542 - -334?
-13663205
In base 2, what is 1000101110 - -1101000110100100?
1101001111010010
In base 16, what is b0125 - -2?
b0127
In base 13, what is -172 - 184581?
-184723
In base 2, what is -10 + -100000010111101000100101101?
-100000010111101000100101111
In base 14, what is 119473 + -4a0?
118db3
In base 8, what is 153343 + 12?
153355
In base 14, what is a73 + -71c21?
-7118c
In base 16, what is c843d - -10?
c844d
In base 11, what is -1470 - 1893?
-3253
In base 2, what is 0 + -100100000101110011110100100?
-100100000101110011110100100
In base 13, what is 518207c - -2?
5182081
In base 12, what is -77 + -12b4552?
-12b4609
In base 15, what is 151 - 7500e?
-74dad
In base 15, what is -13b11 - 15d0?
-151e1
In base 12, what is -3 + 8871b07?
8871b04
In base 5, what is 210033400100 - -2?
210033400102
In base 4, what is 2130232312 + -2011?
2130230301
In base 6, what is 3 - -2312415040?
2312415043
In base 8, what is -3 + 31550516?
31550513
In base 15, what is -62d727a - -1?
-62d7279
In base 9, what is 102575806 - 4?
102575802
In base 6, what is 5301143 + 100?
5301243
In base 12, what is 15054 + -281?
14993
In base 2, what is -1011 - 1111000101101110110?
-1111000101110000001
In base 4, what is 11 + -20010302323?
-20010302312
In base 8, what is -3 + 66202303?
66202300
In base 8, what is -1133 + 414207?
413054
In base 10, what is -1553856 - -32?
-1553824
In base 6, what is 415 + 545202?
550021
In base 10, what is -981946 - -725?
-981221
In base 5, what is -110120034223 - -2?
-110120034221
In base 8, what is 65 - -14427300?
14427365
In base 9, what is -3 + -138327030?
-138327033
In base 11, what is 21 + 10902406?
10902427
In base 3, what is 0 + 2020210211100?
2020210211100
In base 6, what is -4 + -420004524?
-420004532
In base 6, what is 142544444 - -3?
142544451
In base 11, what is 41565896 + -5?
41565891
In base 9, what is 2 + 4565471?
4565473
In base 2, what is -11010011110100000111 - 110000?
-11010011110100110111
In base 14, what is 1025a + -54?
10206
In base 6, what is -4 - -540412540?
540412532
In base 9, what is -4 - 281288166?
-281288171
In base 8, what is -7343305 + -4?
-7343311
In base 10, what is -229849 - 50?
-229899
In base 16, what is 160 - -51541?
516a1
In base 5, what is 211441014411 + -10?
211441014401
In base 10, what is -16065 + -733?
-16798
In base 8, what is -5 + 107777742?
107777735
In base 10, what is -8610366 + -2?
-8610368
In base 16, what is -1 - -4f7180c?
4f7180b
In base 11, what is 1197167 - -53?
119720a
In base 7, what is -1 + 465236655?
465236654
In base 7, what is -5433 - 104402?
-113135
In base 10, what is -301673671 + 4?
-301673667
In base 11, what is 15aa + -9a822?
-99223
In base 7, what is -15622142 + -45?
-15622220
In base 7, what is 3124664 - -224?
3125221
In base 7, what is -122044311 + -2?
-122044313
In base 7, what is -24354 - -1455?
-22566
In base 13, what is 6a3 + -8083?
-76b0
In base 11, what is 4812a773 + 5?
4812a778
In base 8, what is -22351723 - -5?
-22351716
In base 4, what is -21223 - 220213010?
-220300233
In base 6, what is -32145453 - 241?
-32150134
In base 5, what is -22110 - 10442402?
-11020012
In base 11, what is -27757 - 751?
-283a8
In base 4, what is -1000133302 + 13?
-1000133223
In base 3, what is 0 + -121200002011002?
-121200002011002
In base 8, what is 21344 - 4756?
14366
In base 10, what is -1562 + -17498?
-19060
In base 4, what is -1 + 20201300233002?
20201300233001
In base 3, what is 202 - -2222210012?
2222210221
In base 7, what is 125 + -300150?
-300022
In base 9, what is 1 + 823571328?
823571330
In base 3, what is 122012111 - -22200?
122112011
In base 13, what is -91a1 + 679?
-8825
In base 12, what is -5 + -1b7a4726?
-1b7a472b
In base 3, what is -1111000012121 + -21?
-1111000012212
In base 12, what is 108 - -30869?
30975
In base 